{"id":18549,"date":"2018-05-03T12:21:15","date_gmt":"2018-05-03T10:21:15","guid":{"rendered":"https:\/\/www.buchinger-wilhelmi.com\/project\/standard-plus\/"},"modified":"2024-10-04T11:56:10","modified_gmt":"2024-10-04T09:56:10","slug":"standard-plus","status":"publish","type":"norebro_portfolio","link":"https:\/\/www.buchinger-wilhelmi.com\/fr\/project\/standard-plus\/","title":{"rendered":"Standard Plus"},"content":{"rendered":"","protected":false},"featured_media":23423,"comment_status":"closed","ping_status":"closed","template":"","class_list":["post-18549","norebro_portfolio","type-norebro_portfolio","status-publish","has-post-thumbnail","hentry","norebro_portfolio_category-ueberlingen"],"acf":[],"yoast_head":"<!-- This site is optimized with the Yoast SEO plugin v23.8 - https:\/\/yoast.com\/wordpress\/plugins\/seo\/ -->\n<title>Lac de Constance : cat\u00e9gorie Standard Plus BUCHINGER WILHELMI<\/title>\n<meta name=\"description\" content=\"Chambre c\u00f4t\u00e9 nord-est\/nord-ouest, sans balcon ni terrasse, situ\u00e9e dans la Parkvilla et la Villa Fichtenau.\" \/>\n<meta name=\"robots\" content=\"index, follow, max-snippet:-1, max-image-preview:large, max-video-preview:-1\" \/>\n<link rel=\"canonical\" href=\"https:\/\/www.buchinger-wilhelmi.com\/fr\/project\/standard-plus\/\" \/>\n<meta property=\"og:locale\" content=\"fr_FR\" \/>\n<meta property=\"og:type\" content=\"article\" \/>\n<meta property=\"og:title\" content=\"Lac de Constance : cat\u00e9gorie Standard Plus BUCHINGER WILHELMI\" \/>\n<meta property=\"og:description\" content=\"Chambre c\u00f4t\u00e9 nord-est\/nord-ouest, sans balcon ni terrasse, situ\u00e9e dans la Parkvilla et la Villa Fichtenau.\" \/>\n<meta property=\"og:url\" content=\"https:\/\/www.buchinger-wilhelmi.com\/fr\/project\/standard-plus\/\" \/>\n<meta property=\"article:publisher\" content=\"https:\/\/www.facebook.com\/BuchingerWilhelmiMarbella\/\" \/>\n<meta property=\"article:modified_time\" content=\"2024-10-04T09:56:10+00:00\" \/>\n<meta property=\"og:image\" content=\"https:\/\/www.buchinger-wilhelmi.com\/wp-content\/uploads\/2018\/10\/Standard_Plus.jpg\" \/>\n\t<meta property=\"og:image:width\" content=\"8256\" \/>\n\t<meta property=\"og:image:height\" content=\"5504\" \/>\n\t<meta property=\"og:image:type\" content=\"image\/jpeg\" \/>\n<meta name=\"twitter:card\" content=\"summary_large_image\" \/>\n<meta name=\"twitter:label1\" content=\"Dur\u00e9e de lecture estim\u00e9e\" \/>\n\t<meta name=\"twitter:data1\" content=\"1 minute\" \/>\n<script type=\"application\/ld+json\" class=\"yoast-schema-graph\">{\"@context\":\"https:\/\/schema.org\",\"@graph\":[{\"@type\":\"WebPage\",\"@id\":\"https:\/\/www.buchinger-wilhelmi.com\/fr\/project\/standard-plus\/\",\"url\":\"https:\/\/www.buchinger-wilhelmi.com\/fr\/project\/standard-plus\/\",\"name\":\"Lac de Constance : cat\u00e9gorie Standard Plus BUCHINGER WILHELMI\",\"isPartOf\":{\"@id\":\"https:\/\/www.buchinger-wilhelmi.com\/fr\/#website\"},\"primaryImageOfPage\":{\"@id\":\"https:\/\/www.buchinger-wilhelmi.com\/fr\/project\/standard-plus\/#primaryimage\"},\"image\":{\"@id\":\"https:\/\/www.buchinger-wilhelmi.com\/fr\/project\/standard-plus\/#primaryimage\"},\"thumbnailUrl\":\"https:\/\/www.buchinger-wilhelmi.com\/wp-content\/uploads\/2018\/10\/Standard_Plus.jpg\",\"datePublished\":\"2018-05-03T10:21:15+00:00\",\"dateModified\":\"2024-10-04T09:56:10+00:00\",\"description\":\"Chambre c\u00f4t\u00e9 nord-est\/nord-ouest, sans balcon ni terrasse, situ\u00e9e dans la Parkvilla et la Villa Fichtenau.\",\"breadcrumb\":{\"@id\":\"https:\/\/www.buchinger-wilhelmi.com\/fr\/project\/standard-plus\/#breadcrumb\"},\"inLanguage\":\"fr-FR\",\"potentialAction\":[{\"@type\":\"ReadAction\",\"target\":[\"https:\/\/www.buchinger-wilhelmi.com\/fr\/project\/standard-plus\/\"]}]},{\"@type\":\"ImageObject\",\"inLanguage\":\"fr-FR\",\"@id\":\"https:\/\/www.buchinger-wilhelmi.com\/fr\/project\/standard-plus\/#primaryimage\",\"url\":\"https:\/\/www.buchinger-wilhelmi.com\/wp-content\/uploads\/2018\/10\/Standard_Plus.jpg\",\"contentUrl\":\"https:\/\/www.buchinger-wilhelmi.com\/wp-content\/uploads\/2018\/10\/Standard_Plus.jpg\",\"width\":8256,\"height\":5504,\"caption\":\"Buchinger Wilhelmi, Fasten, Heilfasten, Fasting, Health, Integrative Medicine, Standard Plus\"},{\"@type\":\"BreadcrumbList\",\"@id\":\"https:\/\/www.buchinger-wilhelmi.com\/fr\/project\/standard-plus\/#breadcrumb\",\"itemListElement\":[{\"@type\":\"ListItem\",\"position\":1,\"name\":\"Startseite\",\"item\":\"https:\/\/www.buchinger-wilhelmi.com\/fr\/\"},{\"@type\":\"ListItem\",\"position\":2,\"name\":\"Standard Plus\"}]},{\"@type\":\"WebSite\",\"@id\":\"https:\/\/www.buchinger-wilhelmi.com\/fr\/#website\",\"url\":\"https:\/\/www.buchinger-wilhelmi.com\/fr\/\",\"name\":\"\",\"description\":\"\",\"publisher\":{\"@id\":\"https:\/\/www.buchinger-wilhelmi.com\/fr\/#organization\"},\"potentialAction\":[{\"@type\":\"SearchAction\",\"target\":{\"@type\":\"EntryPoint\",\"urlTemplate\":\"https:\/\/www.buchinger-wilhelmi.com\/fr\/?s={search_term_string}\"},\"query-input\":{\"@type\":\"PropertyValueSpecification\",\"valueRequired\":true,\"valueName\":\"search_term_string\"}}],\"inLanguage\":\"fr-FR\"},{\"@type\":\"Organization\",\"@id\":\"https:\/\/www.buchinger-wilhelmi.com\/fr\/#organization\",\"name\":\"Buchinger Wilhelmi Holding GmbH & Co.KG\",\"url\":\"https:\/\/www.buchinger-wilhelmi.com\/fr\/\",\"logo\":{\"@type\":\"ImageObject\",\"inLanguage\":\"fr-FR\",\"@id\":\"https:\/\/www.buchinger-wilhelmi.com\/fr\/#\/schema\/logo\/image\/\",\"url\":\"https:\/\/www.buchinger-wilhelmi.com\/wp-content\/uploads\/2018\/04\/BW_Logo_black.png\",\"contentUrl\":\"https:\/\/www.buchinger-wilhelmi.com\/wp-content\/uploads\/2018\/04\/BW_Logo_black.png\",\"width\":303,\"height\":76,\"caption\":\"Buchinger Wilhelmi Holding GmbH & Co.KG\"},\"image\":{\"@id\":\"https:\/\/www.buchinger-wilhelmi.com\/fr\/#\/schema\/logo\/image\/\"},\"sameAs\":[\"https:\/\/www.facebook.com\/BuchingerWilhelmiMarbella\/\",\"https:\/\/www.instagram.com\/buchingerwilhelmi\/\",\"https:\/\/www.linkedin.com\/company\/buchingerwilhelmi\/\",\"https:\/\/www.pinterest.de\/buchingerwilhelmi\/\",\"https:\/\/www.youtube.com\/channel\/UC6jETvWDCI_W-VVG2AjxOfw\"]}]}<\/script>\n<!-- \/ Yoast SEO plugin. -->","yoast_head_json":{"title":"Lac de Constance : cat\u00e9gorie Standard Plus BUCHINGER WILHELMI","description":"Chambre c\u00f4t\u00e9 nord-est\/nord-ouest, sans balcon ni terrasse, situ\u00e9e dans la Parkvilla et la Villa Fichtenau.","robots":{"index":"index","follow":"follow","max-snippet":"max-snippet:-1","max-image-preview":"max-image-preview:large","max-video-preview":"max-video-preview:-1"},"canonical":"https:\/\/www.buchinger-wilhelmi.com\/fr\/project\/standard-plus\/","og_locale":"fr_FR","og_type":"article","og_title":"Lac de Constance : cat\u00e9gorie Standard Plus BUCHINGER WILHELMI","og_description":"Chambre c\u00f4t\u00e9 nord-est\/nord-ouest, sans balcon ni terrasse, situ\u00e9e dans la Parkvilla et la Villa Fichtenau.","og_url":"https:\/\/www.buchinger-wilhelmi.com\/fr\/project\/standard-plus\/","article_publisher":"https:\/\/www.facebook.com\/BuchingerWilhelmiMarbella\/","article_modified_time":"2024-10-04T09:56:10+00:00","og_image":[{"width":8256,"height":5504,"url":"https:\/\/www.buchinger-wilhelmi.com\/wp-content\/uploads\/2018\/10\/Standard_Plus.jpg","type":"image\/jpeg"}],"twitter_card":"summary_large_image","twitter_misc":{"Dur\u00e9e de lecture estim\u00e9e":"1 minute"},"schema":{"@context":"https:\/\/schema.org","@graph":[{"@type":"WebPage","@id":"https:\/\/www.buchinger-wilhelmi.com\/fr\/project\/standard-plus\/","url":"https:\/\/www.buchinger-wilhelmi.com\/fr\/project\/standard-plus\/","name":"Lac de Constance : cat\u00e9gorie Standard Plus BUCHINGER WILHELMI","isPartOf":{"@id":"https:\/\/www.buchinger-wilhelmi.com\/fr\/#website"},"primaryImageOfPage":{"@id":"https:\/\/www.buchinger-wilhelmi.com\/fr\/project\/standard-plus\/#primaryimage"},"image":{"@id":"https:\/\/www.buchinger-wilhelmi.com\/fr\/project\/standard-plus\/#primaryimage"},"thumbnailUrl":"https:\/\/www.buchinger-wilhelmi.com\/wp-content\/uploads\/2018\/10\/Standard_Plus.jpg","datePublished":"2018-05-03T10:21:15+00:00","dateModified":"2024-10-04T09:56:10+00:00","description":"Chambre c\u00f4t\u00e9 nord-est\/nord-ouest, sans balcon ni terrasse, situ\u00e9e dans la Parkvilla et la Villa Fichtenau.","breadcrumb":{"@id":"https:\/\/www.buchinger-wilhelmi.com\/fr\/project\/standard-plus\/#breadcrumb"},"inLanguage":"fr-FR","potentialAction":[{"@type":"ReadAction","target":["https:\/\/www.buchinger-wilhelmi.com\/fr\/project\/standard-plus\/"]}]},{"@type":"ImageObject","inLanguage":"fr-FR","@id":"https:\/\/www.buchinger-wilhelmi.com\/fr\/project\/standard-plus\/#primaryimage","url":"https:\/\/www.buchinger-wilhelmi.com\/wp-content\/uploads\/2018\/10\/Standard_Plus.jpg","contentUrl":"https:\/\/www.buchinger-wilhelmi.com\/wp-content\/uploads\/2018\/10\/Standard_Plus.jpg","width":8256,"height":5504,"caption":"Buchinger Wilhelmi, Fasten, Heilfasten, Fasting, Health, Integrative Medicine, Standard Plus"},{"@type":"BreadcrumbList","@id":"https:\/\/www.buchinger-wilhelmi.com\/fr\/project\/standard-plus\/#breadcrumb","itemListElement":[{"@type":"ListItem","position":1,"name":"Startseite","item":"https:\/\/www.buchinger-wilhelmi.com\/fr\/"},{"@type":"ListItem","position":2,"name":"Standard Plus"}]},{"@type":"WebSite","@id":"https:\/\/www.buchinger-wilhelmi.com\/fr\/#website","url":"https:\/\/www.buchinger-wilhelmi.com\/fr\/","name":"","description":"","publisher":{"@id":"https:\/\/www.buchinger-wilhelmi.com\/fr\/#organization"},"potentialAction":[{"@type":"SearchAction","target":{"@type":"EntryPoint","urlTemplate":"https:\/\/www.buchinger-wilhelmi.com\/fr\/?s={search_term_string}"},"query-input":{"@type":"PropertyValueSpecification","valueRequired":true,"valueName":"search_term_string"}}],"inLanguage":"fr-FR"},{"@type":"Organization","@id":"https:\/\/www.buchinger-wilhelmi.com\/fr\/#organization","name":"Buchinger Wilhelmi Holding GmbH & Co.KG","url":"https:\/\/www.buchinger-wilhelmi.com\/fr\/","logo":{"@type":"ImageObject","inLanguage":"fr-FR","@id":"https:\/\/www.buchinger-wilhelmi.com\/fr\/#\/schema\/logo\/image\/","url":"https:\/\/www.buchinger-wilhelmi.com\/wp-content\/uploads\/2018\/04\/BW_Logo_black.png","contentUrl":"https:\/\/www.buchinger-wilhelmi.com\/wp-content\/uploads\/2018\/04\/BW_Logo_black.png","width":303,"height":76,"caption":"Buchinger Wilhelmi Holding GmbH & Co.KG"},"image":{"@id":"https:\/\/www.buchinger-wilhelmi.com\/fr\/#\/schema\/logo\/image\/"},"sameAs":["https:\/\/www.facebook.com\/BuchingerWilhelmiMarbella\/","https:\/\/www.instagram.com\/buchingerwilhelmi\/","https:\/\/www.linkedin.com\/company\/buchingerwilhelmi\/","https:\/\/www.pinterest.de\/buchingerwilhelmi\/","https:\/\/www.youtube.com\/channel\/UC6jETvWDCI_W-VVG2AjxOfw"]}]}},"_links":{"self":[{"href":"https:\/\/www.buchinger-wilhelmi.com\/fr\/wp-json\/wp\/v2\/norebro_portfolio\/18549"}],"collection":[{"href":"https:\/\/www.buchinger-wilhelmi.com\/fr\/wp-json\/wp\/v2\/norebro_portfolio"}],"about":[{"href":"https:\/\/www.buchinger-wilhelmi.com\/fr\/wp-json\/wp\/v2\/types\/norebro_portfolio"}],"replies":[{"embeddable":true,"href":"https:\/\/www.buchinger-wilhelmi.com\/fr\/wp-json\/wp\/v2\/comments?post=18549"}],"wp:featuredmedia":[{"embeddable":true,"href":"https:\/\/www.buchinger-wilhelmi.com\/fr\/wp-json\/wp\/v2\/media\/23423"}],"wp:attachment":[{"href":"https:\/\/www.buchinger-wilhelmi.com\/fr\/wp-json\/wp\/v2\/media?parent=18549"}],"curies":[{"name":"wp","href":"https:\/\/api.w.org\/{rel}","templated":true}]}}

<!-- This site is optimized with the Yoast SEO plugin v23.8 - https://yoast.com/wordpress/plugins/seo/ -->
<title>Lac de Constance : catégorie Standard Plus BUCHINGER WILHELMI</title>
<meta name="description" content="Chambre côté nord-est/nord-ouest, sans balcon ni terrasse, située dans la Parkvilla et la Villa Fichtenau." />
<meta name="robots" content="index, follow, max-snippet:-1, max-image-preview:large, max-video-preview:-1" />
<link rel="canonical" href="https://www.buchinger-wilhelmi.com/fr/project/standard-plus/" />
<meta property="og:locale" content="fr_FR" />
<meta property="og:type" content="article" />
<meta property="og:title" content="Lac de Constance : catégorie Standard Plus BUCHINGER WILHELMI" />
<meta property="og:description" content="Chambre côté nord-est/nord-ouest, sans balcon ni terrasse, située dans la Parkvilla et la Villa Fichtenau." />
<meta property="og:url" content="https://www.buchinger-wilhelmi.com/fr/project/standard-plus/" />
<meta property="article:publisher" content="https://www.facebook.com/BuchingerWilhelmiMarbella/" />
<meta property="article:modified_time" content="2024-10-04T09:56:10+00:00" />
<meta property="og:image" content="https://www.buchinger-wilhelmi.com/wp-content/uploads/2018/10/Standard_Plus.jpg" />
	<meta property="og:image:width" content="8256" />
	<meta property="og:image:height" content="5504" />
	<meta property="og:image:type" content="image/jpeg" />
<meta name="twitter:card" content="summary_large_image" />
<meta name="twitter:label1" content="Durée de lecture estimée" />
	<meta name="twitter:data1" content="1 minute" />
<script type="application/ld+json" class="yoast-schema-graph">{"@context":"https://schema.org","@graph":[{"@type":"WebPage","@id":"https://www.buchinger-wilhelmi.com/fr/project/standard-plus/","url":"https://www.buchinger-wilhelmi.com/fr/project/standard-plus/","name":"Lac de Constance : catégorie Standard Plus BUCHINGER WILHELMI","isPartOf":{"@id":"https://www.buchinger-wilhelmi.com/fr/#website"},"primaryImageOfPage":{"@id":"https://www.buchinger-wilhelmi.com/fr/project/standard-plus/#primaryimage"},"image":{"@id":"https://www.buchinger-wilhelmi.com/fr/project/standard-plus/#primaryimage"},"thumbnailUrl":"https://www.buchinger-wilhelmi.com/wp-content/uploads/2018/10/Standard_Plus.jpg","datePublished":"2018-05-03T10:21:15+00:00","dateModified":"2024-10-04T09:56:10+00:00","description":"Chambre côté nord-est/nord-ouest, sans balcon ni terrasse, située dans la Parkvilla et la Villa Fichtenau.","breadcrumb":{"@id":"https://www.buchinger-wilhelmi.com/fr/project/standard-plus/#breadcrumb"},"inLanguage":"fr-FR","potentialAction":[{"@type":"ReadAction","target":["https://www.buchinger-wilhelmi.com/fr/project/standard-plus/"]}]},{"@type":"ImageObject","inLanguage":"fr-FR","@id":"https://www.buchinger-wilhelmi.com/fr/project/standard-plus/#primaryimage","url":"https://www.buchinger-wilhelmi.com/wp-content/uploads/2018/10/Standard_Plus.jpg","contentUrl":"https://www.buchinger-wilhelmi.com/wp-content/uploads/2018/10/Standard_Plus.jpg","width":8256,"height":5504,"caption":"Buchinger Wilhelmi, Fasten, Heilfasten, Fasting, Health, Integrative Medicine, Standard Plus"},{"@type":"BreadcrumbList","@id":"https://www.buchinger-wilhelmi.com/fr/project/standard-plus/#breadcrumb","itemListElement":[{"@type":"ListItem","position":1,"name":"Startseite","item":"https://www.buchinger-wilhelmi.com/fr/"},{"@type":"ListItem","position":2,"name":"Standard Plus"}]},{"@type":"WebSite","@id":"https://www.buchinger-wilhelmi.com/fr/#website","url":"https://www.buchinger-wilhelmi.com/fr/","name":"","description":"","publisher":{"@id":"https://www.buchinger-wilhelmi.com/fr/#organization"},"potentialAction":[{"@type":"SearchAction","target":{"@type":"EntryPoint","urlTemplate":"https://www.buchinger-wilhelmi.com/fr/?s={search_term_string}"},"query-input":{"@type":"PropertyValueSpecification","valueRequired":true,"valueName":"search_term_string"}}],"inLanguage":"fr-FR"},{"@type":"Organization","@id":"https://www.buchinger-wilhelmi.com/fr/#organization","name":"Buchinger Wilhelmi Holding GmbH & Co.KG","url":"https://www.buchinger-wilhelmi.com/fr/","logo":{"@type":"ImageObject","inLanguage":"fr-FR","@id":"https://www.buchinger-wilhelmi.com/fr/#/schema/logo/image/","url":"https://www.buchinger-wilhelmi.com/wp-content/uploads/2018/04/BW_Logo_black.png","contentUrl":"https://www.buchinger-wilhelmi.com/wp-content/uploads/2018/04/BW_Logo_black.png","width":303,"height":76,"caption":"Buchinger Wilhelmi Holding GmbH & Co.KG"},"image":{"@id":"https://www.buchinger-wilhelmi.com/fr/#/schema/logo/image/"},"sameAs":["https://www.facebook.com/BuchingerWilhelmiMarbella/","https://www.instagram.com/buchingerwilhelmi/","https://www.linkedin.com/company/buchingerwilhelmi/","https://www.pinterest.de/buchingerwilhelmi/","https://www.youtube.com/channel/UC6jETvWDCI_W-VVG2AjxOfw"]}]}</script>
<!-- / Yoast SEO plugin. -->

Lac de Constance : catégorie Standard Plus BUCHINGER WILHELMI

Chambre côté nord-est/nord-ouest, sans balcon ni terrasse, située dans la Parkvilla et la Villa Fichtenau.
